{"id":3,"date":"2026-02-19T09:09:19","date_gmt":"2026-02-19T09:09:19","guid":{"rendered":"http:\/\/encrage.pro\/?page_id=3"},"modified":"2026-02-19T11:47:15","modified_gmt":"2026-02-19T11:47:15","slug":"privacy-policy","status":"publish","type":"page","link":"http:\/\/encrage.pro\/index.php\/privacy-policy\/","title":{"rendered":"Mentions L\u00e9gales"},"content":{"rendered":"\n<h2 class=\"wp-block-heading is-style-text-subtitle is-style-text-subtitle--1\">\u00c9diteur du site<\/h2>\n\n\n\n<p>Le pr\u00e9sent site <a href=\"https:\/\/encrage.pro\">https:\/\/encrage.pro<\/a> est \u00e9dit\u00e9 par l\u2019association loi 1901 Encrage, dont le si\u00e8ge social est situ\u00e9 \u00e0 Montgaillard (65200).<\/p>\n\n\n\n<p>Num\u00e9ro RNA : W652005462<\/p>\n\n\n\n<p>Num\u00e9ro SIRET : 994 249 167 00010<\/p>\n\n\n\n<p>Code NAF : 94.99Z<\/p>\n\n\n\n<p>Contact : <a href=\"mailto:encrageassociation@gmail.com\">encrageassociation@gmail.com<\/a> \/ contact@encrage.pro   <\/p>\n\n\n\n<p>Directrice de publication : l\u2019association Encrage.<\/p>\n\n\n\n<p>H\u00e9bergement<\/p>\n\n\n\n<p>Le site est h\u00e9berg\u00e9 par OVHcloud,<\/p>\n\n\n\n<p>2 rue Kellermann, 59100 Roubaix, France.<\/p>\n\n\n\n<p>Propri\u00e9t\u00e9 intellectuelle<\/p>\n\n\n\n<p>L\u2019ensemble des contenus pr\u00e9sents sur le site (textes, images, photographies, logo, \u00e9l\u00e9ments graphiques, etc.) est prot\u00e9g\u00e9 par le droit de la propri\u00e9t\u00e9 intellectuelle.<\/p>\n\n\n\n<p>Toute reproduction, repr\u00e9sentation ou utilisation, totale ou partielle, sans autorisation \u00e9crite pr\u00e9alable de l\u2019association Encrage est interdite.<\/p>\n\n\n\n<p>Donn\u00e9es personnelles<\/p>\n\n\n\n<p>Le site peut collecter des donn\u00e9es personnelles via :<\/p>\n\n\n\n<p>\u2013 le formulaire de contact<\/p>\n\n\n\n<p>\u2013 l\u2019inscription \u00e0 une newsletter<\/p>\n\n\n\n<p>Les donn\u00e9es collect\u00e9es sont limit\u00e9es aux informations strictement n\u00e9cessaires au traitement des demandes (nom, adresse email).<\/p>\n\n\n\n<p>Ces donn\u00e9es ne sont ni vendues ni c\u00e9d\u00e9es \u00e0 des tiers.<\/p>\n\n\n\n<p>Elles sont conserv\u00e9es pour une dur\u00e9e maximale de trois (3) ans.<\/p>\n\n\n\n<p>Conform\u00e9ment au R\u00e8glement G\u00e9n\u00e9ral sur la Protection des Donn\u00e9es (RGPD), toute personne dispose d\u2019un droit d\u2019acc\u00e8s, de rectification, d\u2019opposition, de limitation et de suppression de ses donn\u00e9es.<\/p>\n\n\n\n<p>Ces droits peuvent \u00eatre exerc\u00e9s par email \u00e0 : encrageassociation@gmail.com \/ contact@encrage.pro <\/p>\n\n\n\n<p>Dons en ligne<\/p>\n\n\n\n<p>Le site permet d\u2019effectuer des dons via des plateformes s\u00e9curis\u00e9es telles que PayPal et HelloAsso.<\/p>\n\n\n\n<p>Les paiements ainsi que la collecte des donn\u00e9es bancaires sont exclusivement g\u00e9r\u00e9s par ces prestataires. L\u2019association Encrage n\u2019a pas acc\u00e8s aux informations bancaires des donateurs.<\/p>\n\n\n\n<p>Le traitement des donn\u00e9es personnelles effectu\u00e9 dans le cadre des dons est r\u00e9gi par les politiques de confidentialit\u00e9 propres \u00e0 ces plateformes.<\/p>\n\n\n\n<p>Cookies<\/p>\n\n\n\n<p>Le site peut utiliser des cookies \u00e0 des fins techniques ou statistiques.<\/p>\n\n\n\n<p>L\u2019utilisateur peut configurer son navigateur pour refuser les cookies.<\/p>\n\n\n\n<p>R\u00e9clamation<\/p>\n\n\n\n<p>En cas de litige relatif aux donn\u00e9es personnelles, une r\u00e9clamation peut \u00eatre adress\u00e9e \u00e0 la CNIL (<a href=\"http:\/\/www.cnil.fr\">www.cnil.fr<\/a>).<\/p>\n","protected":false},"excerpt":{"rendered":"<p>\u00c9diteur du site Le pr\u00e9sent site https:\/\/encrage.pro est \u00e9dit\u00e9 par l\u2019association loi 1901 Encrage, dont le si\u00e8ge social est situ\u00e9 \u00e0 Montgaillard (65200). Num\u00e9ro RNA : W652005462 Num\u00e9ro SIRET : 994 249 167 00010 Code NAF : 94.99Z Contact : encrageassociation@gmail.com \/ contact@encrage.pro Directrice de publication : l\u2019association Encrage. H\u00e9bergement Le site est h\u00e9berg\u00e9 par [&hellip;]<\/p>\n","protected":false},"author":1,"featured_media":0,"parent":0,"menu_order":0,"comment_status":"closed","ping_status":"open","template":"","meta":{"footnotes":""},"class_list":["post-3","page","type-page","status-publish","hentry"],"_links":{"self":[{"href":"http:\/\/encrage.pro\/index.php\/wp-json\/wp\/v2\/pages\/3","targetHints":{"allow":["GET"]}}],"collection":[{"href":"http:\/\/encrage.pro\/index.php\/wp-json\/wp\/v2\/pages"}],"about":[{"href":"http:\/\/encrage.pro\/index.php\/wp-json\/wp\/v2\/types\/page"}],"author":[{"embeddable":true,"href":"http:\/\/encrage.pro\/index.php\/wp-json\/wp\/v2\/users\/1"}],"replies":[{"embeddable":true,"href":"http:\/\/encrage.pro\/index.php\/wp-json\/wp\/v2\/comments?post=3"}],"version-history":[{"count":1,"href":"http:\/\/encrage.pro\/index.php\/wp-json\/wp\/v2\/pages\/3\/revisions"}],"predecessor-version":[{"id":21,"href":"http:\/\/encrage.pro\/index.php\/wp-json\/wp\/v2\/pages\/3\/revisions\/21"}],"wp:attachment":[{"href":"http:\/\/encrage.pro\/index.php\/wp-json\/wp\/v2\/media?parent=3"}],"curies":[{"name":"wp","href":"https:\/\/api.w.org\/{rel}","templated":true}]}}